se
Is 17149 a composite number?
True
Is 35069 prime?
True
Is 1191 composite?
True
Is 48179 composite?
False
Is 7057 a prime number?
True
Is 17203 a prime number?
True
Is 23719 a composite number?
False
Is 205189 a composite number?
True
Is 38039 a composite number?
False
Is 78919 a composite number?
False
Is 259933 a composite number?
False
Is 35797 composite?
False
Is 24733 prime?
True
Is 2939 a composite number?
False
Is 352879 a prime number?
False
Is 4767947 a prime number?
True
Is 392381 prime?
False
Is 18539 a composite number?
False
Is 24407 composite?
False
Is 82487 composite?
False
Is 40615 a prime number?
False
Is 395657 a prime number?
True
Is 400443 a prime number?
False
Is 39359 composite?
False
Is 72019 prime?
True
Is 490697 a composite number?
False
Is 7907 a composite number?
False
Is 56299 a prime number?
True
Is 5077 composite?
False
Is 53527 a composite number?
False
Is 4189 composite?
True
Is 22353 composite?
True
Is 431693 a composite number?
False
Is 404773 prime?
True
Is 72421 prime?
True
Is 10037 prime?
True
Is 9491 composite?
False
Is 6353 composite?
False
Is 7827 prime?
False
Is 3142761 composite?
True
Is 2699951 a prime number?
True
Is 66337 composite?
False
Is 19063 prime?
False
Is 11821 composite?
False
Is 407449 a composite number?
True
Is 9811 a prime number?
True
Is 117473 prime?
False
Is 71831 composite?
True
Is 132103 prime?
True
Is 6947 composite?
False
Is 5911 composite?
True
Is 28381 prime?
False
Is 1570487 a prime number?
True
Is 4571 a composite number?
True
Is 2155 composite?
True
Is 310301 composite?
True
Is 4547 composite?
False
Is 93163 a prime number?
False
Is 85991 a prime number?
True
Is 13553 prime?
True
Is 54667 prime?
True
Is 1808669 prime?
True
Is 2657 prime?
True
Is 231839 prime?
True
Is 121129 a prime number?
False
Is 11597 composite?
False
Is 15127 a composite number?
True
Is 139631 a composite number?
True
Is 361609 a composite number?
True
Is 216331 prime?
False
Is 38039 a prime number?
True
Is 37529 a composite number?
False
Is 518261 a composite number?
False
Is 4730213 a composite number?
False
Is 123343 composite?
True
Is 8999 a composite number?
False
Is 543551 a prime number?
True
Is 11345 composite?
True
Is 3418 prime?
False
Is 907 composite?
False
Is 46381 prime?
True
Is 8033 prime?
False
Is 15893 composite?
True
Is 62681 prime?
False
Is 26823 a composite number?
True
Is 37691 a composite number?
False
Is 633242 a prime number?
False
Is 85133 a prime number?
True
Is 326 composite?
True
Is 32081 prime?
False
Is 177379 a prime number?
True
Is 322159 a prime number?
False
Is 1413649 prime?
False
Is 76579 prime?
True
Is 43331 a prime number?
True
Is 37871 a prime number?
True
Is 1559 composite?
False
Is 1444867 a prime number?
False
Is 110311 prime?
True
Is 2327 prime?
False
Is 3271 a composite number?
False
Is 28685 a prime number?
False
Is 14371 a prime number?
False
Is 165097 composite?
True
Is 21961 prime?
True
Is 3907 prime?
True
Is 45949 a composite number?
False
Is 33589 composite?
False
Is 1847 composite?
False
Is 14919 a prime number?
False
Is 104987 a composite number?
False
Is 17159 composite?
False
Is 35021 a composite number?
True
Is 172051 a prime number?
False
Is 771622 composite?
True
Is 89113 a prime number?
True
Is 52847 prime?
False
Is 240943 prime?
True
Is 1485127 composite?
True
Is 564773 prime?
False
Is 23429 prime?
False
Is 14635 prime?
False
Is 168557 a prime number?
False
Is 16723 prime?
False
Is 1292857 a prime number?
True
Is 53773 prime?
True
Is 39821 a composite number?
False
Is 6166 prime?
False
Is 3953 prime?
False
Is 161503 a prime number?
True
Is 8147 a composite number?
False
Is 963969 a prime number?
False
Is 17723 a composite number?
True
Is 227363 composite?
False
Is 10819 a composite number?
True
Is 3820423 prime?
True
Is 8657 a composite number?
True
Is 9777 a prime number?
False
Is 15931 prime?
False
Is 6469 composite?
False
Is 1907 composite?
False
Is 503707 a prime number?
True
Is 5091 a prime number?
False
Is 72347 prime?
False
Is 96749 composite?
False
Is 98621 prime?
True
Is 62845 composite?
True
Is 79481 a composite number?
False
Is 507557 a composite number?
False
Is 286589 a prime number?
True
Is 18641 a composite number?
True
Is 921407 a prime number?
True
Is 43117 a composite number?
False
Is 24793 prime?
True
Is 2051 composite?
True
Is 2579 a prime number?
True
Is 522643 a composite number?
True
Is 96109 a composite number?
True
Is 768613 a prime number?
True
Is 322519 composite?
False
Is 7235 composite?
True
Is 8285 prime?
False
Is 22937 prime?
True
Is 2846 composite?
True
Is 425221 composite?
True
Is 1391519 prime?
True
Is 33613 a composite number?
False
Is 14793 a composite number?
True
Is 96893 a prime number?
True
Is 1310129 prime?
False
Is 282673 prime?
False
Is 182747 a prime number?
True
Is 139705 composite?
True
Is 12841 composite?
False
Is 9233 a composite number?
True
Is 556537 a composite number?
False
Is 3037 a composite number?
False
Is 402365 composite?
True
Is 941245 a prime number?
False
Is 133251 prime?
False
Is 20599 prime?
True
Is 613403 composite?
True
Is 19387 prime?
True
Is 16817 a prime number?
False
Is 93131 prime?
True
Is 3749 prime?
False
Is 4861 composite?
False
Is 8782 a prime number?
False
Is 58403 prime?
True
Is 15661 composite?
False
Is 4703 composite?
False
Is 1069 composite?
False
Is 509723 composite?
False
Is 183902 prime?
False
Is 1205 prime?
False
Is 6109 a prime number?
False
Is 84913 composite?
False
Is 295099 a composite number?
True
Is 76819 prime?
True
Is 194653 a prime number?
True
Is 21309 composite?
True
Is 73913 composite?
True
Is 34123 a prime number?
True
Is 1051573 prime?
False
Is 5833 composite?
True
Is 31991 a composite number?
False
Is 3817 a prime number?
False
Is 26251 prime?
True
Is 11532595 prime?
False
Is 336481 composite?
True
Is 1377269 composite?
False
Is 575987 composite?
False
Is 28267 a prime number?
False
Is 8301 composite?
True
Is 45274 composite?
True
Is 202421 composite?
True
Is 24391 prime?
True
Is 93619 prime?
False
Is 116911 a composite number?
False
Is 104579 prime?
True
Is 11959 composite?
False
Is 47351 composite?
False
Is 2467 a prime number?
True
Is 10279 prime?
False
Is 1367 prime?
True
Is 641279 a prime number?
True
Is 2374714 composite?
True
Is 129985 prime?
False
Is 87473 composite?
False
Is 73703 a composite number?
True
Is 5213 a composite number?
True
Is 11549 prime?
True
Is 28369 a composite number?
True
Is 32027 composite?
False
Is 34667 a prime number?
True
Is 25882 a composite number?
True
Is 209771 a prime number?
True
Is 17047 a composite number?
False
Is 81509 composite?
False
Is 6041 a prime number?
False
Is 10221 composite?
True
Is 475549 a prime number?
True
Is 513653 a composite number?
True
Is 876241 a prime number?
False
Is 2430139 composite?
False
Is 129026 composite?
True
Is 476893 a prime number?
False
Is 57578 a prime number?
False
Is 68597 a composite number?
False
Is 58189 a prime number?
True
Is 180569 a composite number?
False
Is 17401 composite?
False
Is 313393 prime?
False
Is 302189 a composite number?
False
Is 1931 composite?
False
Is 9461 a composite number?
False
Is 977761 a prime number?
True
Is 145802 a prime number?
False
Is 6109 prime?
False
Is 7969 composite?
True
Is 246655 composite?
True
Is 239017 composite?
False
Is 12146 prime?
False
Is 135661 a prime number?
True
Is 88721 composite?
False
Is 447463 prime?
True
Is 509359 composite?
False
Is 3943 composite?
False
Is 34031 a composite number?
False
Is 4002911 a composite number?
True
Is 26687 a prime number?
True
Is 40951 prime?
False
Is 2434105 a composite number?
True
Is 194809 composite?
False
Is 20309 prime?
False
Is 263591 composite?
False
Is 522383 prime?
True
Is 39977 a composite number?
True
Is 9073 prime?
False
Is 779587 prime?
False
Is 434107 composite?
False
Is 1177 composite?
True
Is 109738 prime?
False
Is 6188903 a composite number?
True
Is 267 a composite number?
True
Is 45371 a prime number?
False
Is 253853 prime?
True
Is 9149 a prime number?
False
Is 1949 a prime number?
True
Is 1698523 a composite number?
True
Is 643871 a prime number?
False
Is 30083 composite?
True
Is 451 prime?
False
Is 837857 composite?
True
Is 454306 composite?
True
Is 229843 comp